{"id":2438,"date":"2023-09-26T00:15:07","date_gmt":"2023-09-25T22:15:07","guid":{"rendered":"http:\/\/florence.voisin.cc\/?page_id=2438"},"modified":"2025-09-29T23:14:03","modified_gmt":"2025-09-29T21:14:03","slug":"les-saisons","status":"publish","type":"page","link":"https:\/\/florence.voisin.cc\/index.php\/contributions\/les-saisons\/","title":{"rendered":"Les Saisons"},"content":{"rendered":"\t\t<div data-elementor-type=\"wp-page\" data-elementor-id=\"2438\" class=\"elementor elementor-2438\">\n\t\t\t\t\t\t<div class=\"elementor-inner\">\n\t\t\t\t<div class=\"elementor-section-wrap\">\n\t\t\t\t\t\t\t\t\t<section class=\"elementor-section elementor-top-section elementor-element elementor-element-7636cb4 elementor-section-boxed elementor-section-height-default elementor-section-height-default\" data-id=\"7636cb4\" data-element_type=\"section\">\n\t\t\t\t\t\t<div class=\"elementor-container elementor-column-gap-default\">\n\t\t\t\t\t\t\t<div class=\"elementor-row\">\n\t\t\t\t\t<div class=\"elementor-column elementor-col-66 elementor-top-column elementor-element elementor-element-4129ba9\" data-id=\"4129ba9\" data-element_type=\"column\">\n\t\t\t<div class=\"elementor-column-wrap elementor-element-populated\">\n\t\t\t\t\t\t\t<div class=\"elementor-widget-wrap\">\n\t\t\t\t\t\t<div class=\"elementor-element elementor-element-8bef6a4 elementor-widget elementor-widget-heading\" data-id=\"8bef6a4\" data-element_type=\"widget\" data-widget_type=\"heading.default\">\n\t\t\t\t<div class=\"elementor-widget-container\">\n\t\t\t<h2 class=\"elementor-heading-title elementor-size-default\">Les Saisons - Audiodescription<\/h2>\t\t<\/div>\n\t\t\t\t<\/div>\n\t\t\t\t<div class=\"elementor-element elementor-element-812f052 elementor-widget elementor-widget-text-editor\" data-id=\"812f052\" data-element_type=\"widget\" data-widget_type=\"text-editor.default\">\n\t\t\t\t<div class=\"elementor-widget-container\">\n\t\t\t\t\t\t\t\t<div class=\"elementor-text-editor elementor-clearfix\">\n\t\t\t\t<p>Chantier collectif de d\u00e9frichage visuel du film <em>Les Saisons<\/em> de Artavazd Pelechian, dans le but de le rendre sensible aux oreilles et imaginaires de personnes aveugles ou malvoyantes.<\/p><p>L\u2019audiodescription consiste \u00e0 d\u00e9crire les \u00e9l\u00e9ments cin\u00e9matographiques visuels par une piste audio permettant aux personnes visuellement d\u00e9ficientes d\u2019acc\u00e9der \u00e0 des composantes importantes du film qui leur \u00e9chapperaient.<\/p><p>sur Artavazd Pelechian : <a href=\"http:\/\/pelechian.free.fr\/Pelechian\/Pelechian___Accueil.html\">http:\/\/pelechian.free.fr<\/a><\/p><p><a href=\"https:\/\/www.youtube.com\/watch?v=PNFT0kKDPlk\"><strong>Le film :<\/strong><\/a><br \/>Les Saisons (\u0412\u0440\u0435\u043c\u0435\u043d\u0430 \u0433\u043e\u0434\u0430) \u2013 1975<br \/>(Tarva Yeghanaknere ou Vremena goda), 1972, film en 35 mm, Noir et blanc, 30 mn<\/p><p>Avec l&#8217;<a href=\"https:\/\/hirsute.minuscule.info\/\"><span class=\"ILfuVd\" lang=\"fr\"><span class=\"hgKElc\">\u00c9<\/span><\/span>cole Hirsute<\/a> et <a href=\"http:\/\/bandesmagnetiques.com\">Bandes Magn\u00e9tiques<\/a><\/p><p>session 1 : janvier 2023, galerie <a href=\"https:\/\/www.galerie-paradise.fr\/\">Paradise<\/a>, Nantes<\/p><p>session 2 : ao\u00fbt 2023, La M\u00e9tive, <a href=\"https:\/\/lametive.fr\/\">Moutier d&#8217;Ahun<\/a><\/p><p>session 3 : du 8 au 12 avril 2024, H\u00f4tel Pasteur, Rennes<\/p><p>\u00a0<\/p>\t\t\t\t\t<\/div>\n\t\t\t\t\t\t<\/div>\n\t\t\t\t<\/div>\n\t\t\t\t<div class=\"elementor-element elementor-element-4784159 elementor-widget elementor-widget-text-editor\" data-id=\"4784159\" data-element_type=\"widget\" data-widget_type=\"text-editor.default\">\n\t\t\t\t<div class=\"elementor-widget-container\">\n\t\t\t\t\t\t\t\t<div class=\"elementor-text-editor elementor-clearfix\">\n\t\t\t\t<p>extrait d&#8217;une tentative en live :<\/p><p><!--[if lt IE 9]><script>document.createElement('audio');<\/script><![endif]-->\n<audio class=\"wp-audio-shortcode\" id=\"audio-2438-1\" preload=\"none\" style=\"width: 100%;\" controls=\"controls\"><source type=\"audio\/mpeg\" src=\"http:\/\/florence.voisin.cc\/wp-content\/uploads\/2024\/03\/Extrait-tentative.mp3?_=1\" \/><a href=\"http:\/\/florence.voisin.cc\/wp-content\/uploads\/2024\/03\/Extrait-tentative.mp3\">http:\/\/florence.voisin.cc\/wp-content\/uploads\/2024\/03\/Extrait-tentative.mp3<\/a><\/audio><\/p><p>proposition d&#8217;audiodescription des premi\u00e8res minutes :<\/p><p><audio class=\"wp-audio-shortcode\" id=\"audio-2438-2\" preload=\"none\" style=\"width: 100%;\" controls=\"controls\"><source type=\"audio\/mpeg\" src=\"https:\/\/bandesmagnetiques.com\/wp-content\/uploads\/2023\/03\/Les-saisons-torrent.mp3?_=2\" \/><a href=\"https:\/\/bandesmagnetiques.com\/wp-content\/uploads\/2023\/03\/Les-saisons-torrent.mp3\">https:\/\/bandesmagnetiques.com\/wp-content\/uploads\/2023\/03\/Les-saisons-torrent.mp3<\/a><\/audio><\/p><p>\u00a0<\/p><p>extrait d&#8217;une version possible 1:52:16 &gt; 03:53:44 :<\/p><p>1:52:16<br \/>Le ciel.<br \/>Des masses nuageuses d\u00e9filent en acc\u00e9l\u00e9r\u00e9.<br \/>Au bas de l&#8217;image, une silhouette de montagne.<\/p><p>02:18:00<br \/>Les nuages se forment et s&#8217;\u00e9vaporent.<\/p><p>03:24:92<br \/>(Des roches escarp\u00e9es forment un ravin qui d\u00e9coupe l&#8217;image en contre jour.)<br \/>Le ciel, entre deux falaises, \u00e0 contre jour.<br \/>(On y devine la ligne d&#8217;horizon, dans le brouillard.)<\/p><p>03:30:84<br \/>Dans le flan ensoleill\u00e9 de la montagne, au bas, un village.<\/p><p>03:40:68<br \/>Un gros plan sur des lignes obliques floues.<br \/>Au second plan des lignes verticales.<\/p><p>03:47:56<br \/>Ce sont les maisons.<\/p><p>03:53:44<br \/>Un jeune regarde la cam\u00e9ra par dessus son habit de laine.<\/p>\t\t\t\t\t<\/div>\n\t\t\t\t\t\t<\/div>\n\t\t\t\t<\/div>\n\t\t\t\t\t\t<\/div>\n\t\t\t\t\t<\/div>\n\t\t<\/div>\n\t\t\t\t<div class=\"elementor-column elementor-col-33 elementor-top-column elementor-element elementor-element-d422ae0\" data-id=\"d422ae0\" data-element_type=\"column\">\n\t\t\t<div class=\"elementor-column-wrap elementor-element-populated\">\n\t\t\t\t\t\t\t<div class=\"elementor-widget-wrap\">\n\t\t\t\t\t\t<div class=\"elementor-element elementor-element-328ce66 elementor-widget elementor-widget-image\" data-id=\"328ce66\" data-element_type=\"widget\" data-widget_type=\"image.default\">\n\t\t\t\t<div class=\"elementor-widget-container\">\n\t\t\t\t\t\t\t\t<div class=\"elementor-image\">\n\t\t\t\t\t\t\t\t\t\t\t\t<img loading=\"lazy\" decoding=\"async\" width=\"492\" height=\"373\" src=\"https:\/\/florence.voisin.cc\/wp-content\/uploads\/2023\/09\/Pelechian.jpg\" class=\"attachment-large size-large wp-image-2441\" alt=\"Deux hommes d\u00e9valant une pente, poursuivis ou tractant une masse incancescante, fumante. le champs en pente violet pastele et la masse rouge et orange\" srcset=\"https:\/\/florence.voisin.cc\/wp-content\/uploads\/2023\/09\/Pelechian.jpg 492w, https:\/\/florence.voisin.cc\/wp-content\/uploads\/2023\/09\/Pelechian-300x227.jpg 300w\" sizes=\"(max-width: 492px) 100vw, 492px\" \/>\t\t\t\t\t\t\t\t\t\t\t\t\t\t<\/div>\n\t\t\t\t\t\t<\/div>\n\t\t\t\t<\/div>\n\t\t\t\t<div class=\"elementor-element elementor-element-62b2a79 elementor-widget elementor-widget-pdf_viewer\" data-id=\"62b2a79\" data-element_type=\"widget\" data-widget_type=\"pdf_viewer.default\">\n\t\t\t\t<div class=\"elementor-widget-container\">\n\t\t\t<iframe src=\"https:\/\/docs.google.com\/viewer?url=http:\/\/florence.voisin.cc\/wp-content\/uploads\/2023\/11\/Transcription-discussion-La-Me\u0301tive.pdf&amp;embedded=true\" style=\"display: block; margin-left: auto; margin-right: auto; width: 640px; height: 1020px;\" frameborder=\"1\" marginheight=\"0px\" marginwidth=\"0px\" allowfullscreen><\/iframe>\t\t<\/div>\n\t\t\t\t<\/div>\n\t\t\t\t\t\t<\/div>\n\t\t\t\t\t<\/div>\n\t\t<\/div>\n\t\t\t\t\t\t\t\t<\/div>\n\t\t\t\t\t<\/div>\n\t\t<\/section>\n\t\t\t\t<section class=\"elementor-section elementor-top-section elementor-element elementor-element-c49a113 elementor-section-boxed elementor-section-height-default elementor-section-height-default\" data-id=\"c49a113\" data-element_type=\"section\">\n\t\t\t\t\t\t<div class=\"elementor-container elementor-column-gap-default\">\n\t\t\t\t\t\t\t<div class=\"elementor-row\">\n\t\t\t\t\t<div class=\"elementor-column elementor-col-50 elementor-top-column elementor-element elementor-element-29c4b78\" data-id=\"29c4b78\" data-element_type=\"column\">\n\t\t\t<div class=\"elementor-column-wrap\">\n\t\t\t\t\t\t\t<div class=\"elementor-widget-wrap\">\n\t\t\t\t\t\t\t\t<\/div>\n\t\t\t\t\t<\/div>\n\t\t<\/div>\n\t\t\t\t<div class=\"elementor-column elementor-col-50 elementor-top-column elementor-element elementor-element-1d0adc5\" data-id=\"1d0adc5\" data-element_type=\"column\">\n\t\t\t<div class=\"elementor-column-wrap\">\n\t\t\t\t\t\t\t<div class=\"elementor-widget-wrap\">\n\t\t\t\t\t\t\t\t<\/div>\n\t\t\t\t\t<\/div>\n\t\t<\/div>\n\t\t\t\t\t\t\t\t<\/div>\n\t\t\t\t\t<\/div>\n\t\t<\/section>\n\t\t\t\t\t\t\t\t\t<\/div>\n\t\t\t<\/div>\n\t\t\t\t\t<\/div>\n\t\t","protected":false},"excerpt":{"rendered":"<p>Les Saisons &#8211; Audiodescription Chantier collectif de d\u00e9frichage visuel du film Les Saisons de Artavazd Pelechian, dans le but de le rendre sensible aux oreilles et imaginaires de personnes aveugles ou malvoyantes. L\u2019audiodescription consiste \u00e0 d\u00e9crire les \u00e9l\u00e9ments cin\u00e9matographiques visuels par une piste audio permettant aux personnes visuellement d\u00e9ficientes d\u2019acc\u00e9der \u00e0 des composantes importantes du [&hellip;]<\/p>\n","protected":false},"author":1,"featured_media":0,"parent":1918,"menu_order":0,"comment_status":"closed","ping_status":"closed","template":"","meta":{"advgb_blocks_editor_width":"","advgb_blocks_columns_visual_guide":"","_coblocks_attr":"","_coblocks_dimensions":"","_coblocks_responsive_height":"","_coblocks_accordion_ie_support":"","_monsterinsights_skip_tracking":false,"_monsterinsights_sitenote_active":false,"_monsterinsights_sitenote_note":"","_monsterinsights_sitenote_category":0,"episode_type":"","audio_file":"","cover_image":"","cover_image_id":"","duration":"","filesize":"","date_recorded":"","explicit":"","block":"","filesize_raw":"","footnotes":""},"class_list":["post-2438","page","type-page","status-publish","hentry","entry"],"yoast_head":"<!-- This site is optimized with the Yoast SEO plugin v18.9 - https:\/\/yoast.com\/wordpress\/plugins\/seo\/ -->\n<title>Les Saisons - Y<\/title>\n<meta name=\"robots\" content=\"index, follow, max-snippet:-1, max-image-preview:large, max-video-preview:-1\" \/>\n<link rel=\"canonical\" href=\"https:\/\/florence.voisin.cc\/index.php\/contributions\/les-saisons\/\" \/>\n<meta property=\"og:locale\" content=\"fr_FR\" \/>\n<meta property=\"og:type\" content=\"article\" \/>\n<meta property=\"og:title\" content=\"Les Saisons - Y\" \/>\n<meta property=\"og:description\" content=\"Les Saisons &#8211; Audiodescription Chantier collectif de d\u00e9frichage visuel du film Les Saisons de Artavazd Pelechian, dans le but de le rendre sensible aux oreilles et imaginaires de personnes aveugles ou malvoyantes. L\u2019audiodescription consiste \u00e0 d\u00e9crire les \u00e9l\u00e9ments cin\u00e9matographiques visuels par une piste audio permettant aux personnes visuellement d\u00e9ficientes d\u2019acc\u00e9der \u00e0 des composantes importantes du [&hellip;]\" \/>\n<meta property=\"og:url\" content=\"https:\/\/florence.voisin.cc\/index.php\/contributions\/les-saisons\/\" \/>\n<meta property=\"og:site_name\" content=\"Y\" \/>\n<meta property=\"article:modified_time\" content=\"2025-09-29T21:14:03+00:00\" \/>\n<meta property=\"og:image\" content=\"http:\/\/florence.voisin.cc\/wp-content\/uploads\/2023\/09\/Pelechian.jpg\" \/>\n<meta name=\"twitter:card\" content=\"summary_large_image\" \/>\n<meta name=\"twitter:label1\" content=\"Dur\u00e9e de lecture estim\u00e9e\" \/>\n\t<meta name=\"twitter:data1\" content=\"2 minutes\" \/>\n<script type=\"application\/ld+json\" class=\"yoast-schema-graph\">{\"@context\":\"https:\/\/schema.org\",\"@graph\":[{\"@type\":[\"Person\",\"Organization\"],\"@id\":\"https:\/\/florence.voisin.cc\/#\/schema\/person\/20f8006dfa5919b1c79c978dd1a0f3d7\",\"name\":\"florence\",\"logo\":{\"@id\":\"https:\/\/florence.voisin.cc\/#\/schema\/person\/image\/\"}},{\"@type\":\"WebSite\",\"@id\":\"https:\/\/florence.voisin.cc\/#website\",\"url\":\"https:\/\/florence.voisin.cc\/\",\"name\":\"Florence Voisin\",\"description\":\"\",\"publisher\":{\"@id\":\"https:\/\/florence.voisin.cc\/#\/schema\/person\/20f8006dfa5919b1c79c978dd1a0f3d7\"},\"potentialAction\":[{\"@type\":\"SearchAction\",\"target\":{\"@type\":\"EntryPoint\",\"urlTemplate\":\"https:\/\/florence.voisin.cc\/?s={search_term_string}\"},\"query-input\":\"required name=search_term_string\"}],\"inLanguage\":\"fr-FR\"},{\"@type\":\"ImageObject\",\"inLanguage\":\"fr-FR\",\"@id\":\"https:\/\/florence.voisin.cc\/index.php\/contributions\/les-saisons\/#primaryimage\",\"url\":\"https:\/\/florence.voisin.cc\/wp-content\/uploads\/2023\/09\/Pelechian.jpg\",\"contentUrl\":\"https:\/\/florence.voisin.cc\/wp-content\/uploads\/2023\/09\/Pelechian.jpg\",\"width\":492,\"height\":373,\"caption\":\"Deux hommes d\u00e9valant une pente, poursuivis ou tractant une masse incancescante, fumante. le champs en pente violet pastele et la masse rouge et orange\"},{\"@type\":\"WebPage\",\"@id\":\"https:\/\/florence.voisin.cc\/index.php\/contributions\/les-saisons\/#webpage\",\"url\":\"https:\/\/florence.voisin.cc\/index.php\/contributions\/les-saisons\/\",\"name\":\"Les Saisons - Y\",\"isPartOf\":{\"@id\":\"https:\/\/florence.voisin.cc\/#website\"},\"primaryImageOfPage\":{\"@id\":\"https:\/\/florence.voisin.cc\/index.php\/contributions\/les-saisons\/#primaryimage\"},\"datePublished\":\"2023-09-25T22:15:07+00:00\",\"dateModified\":\"2025-09-29T21:14:03+00:00\",\"breadcrumb\":{\"@id\":\"https:\/\/florence.voisin.cc\/index.php\/contributions\/les-saisons\/#breadcrumb\"},\"inLanguage\":\"fr-FR\",\"potentialAction\":[{\"@type\":\"ReadAction\",\"target\":[\"https:\/\/florence.voisin.cc\/index.php\/contributions\/les-saisons\/\"]}]},{\"@type\":\"BreadcrumbList\",\"@id\":\"https:\/\/florence.voisin.cc\/index.php\/contributions\/les-saisons\/#breadcrumb\",\"itemListElement\":[{\"@type\":\"ListItem\",\"position\":1,\"name\":\"Accueil\",\"item\":\"https:\/\/florence.voisin.cc\/\"},{\"@type\":\"ListItem\",\"position\":2,\"name\":\"[contributions]\",\"item\":\"https:\/\/florence.voisin.cc\/index.php\/contributions\/\"},{\"@type\":\"ListItem\",\"position\":3,\"name\":\"Les Saisons\"}]}]}<\/script>\n<!-- \/ Yoast SEO plugin. -->","yoast_head_json":{"title":"Les Saisons - Y","robots":{"index":"index","follow":"follow","max-snippet":"max-snippet:-1","max-image-preview":"max-image-preview:large","max-video-preview":"max-video-preview:-1"},"canonical":"https:\/\/florence.voisin.cc\/index.php\/contributions\/les-saisons\/","og_locale":"fr_FR","og_type":"article","og_title":"Les Saisons - Y","og_description":"Les Saisons &#8211; Audiodescription Chantier collectif de d\u00e9frichage visuel du film Les Saisons de Artavazd Pelechian, dans le but de le rendre sensible aux oreilles et imaginaires de personnes aveugles ou malvoyantes. L\u2019audiodescription consiste \u00e0 d\u00e9crire les \u00e9l\u00e9ments cin\u00e9matographiques visuels par une piste audio permettant aux personnes visuellement d\u00e9ficientes d\u2019acc\u00e9der \u00e0 des composantes importantes du [&hellip;]","og_url":"https:\/\/florence.voisin.cc\/index.php\/contributions\/les-saisons\/","og_site_name":"Y","article_modified_time":"2025-09-29T21:14:03+00:00","og_image":[{"url":"http:\/\/florence.voisin.cc\/wp-content\/uploads\/2023\/09\/Pelechian.jpg"}],"twitter_card":"summary_large_image","twitter_misc":{"Dur\u00e9e de lecture estim\u00e9e":"2 minutes"},"schema":{"@context":"https:\/\/schema.org","@graph":[{"@type":["Person","Organization"],"@id":"https:\/\/florence.voisin.cc\/#\/schema\/person\/20f8006dfa5919b1c79c978dd1a0f3d7","name":"florence","logo":{"@id":"https:\/\/florence.voisin.cc\/#\/schema\/person\/image\/"}},{"@type":"WebSite","@id":"https:\/\/florence.voisin.cc\/#website","url":"https:\/\/florence.voisin.cc\/","name":"Florence Voisin","description":"","publisher":{"@id":"https:\/\/florence.voisin.cc\/#\/schema\/person\/20f8006dfa5919b1c79c978dd1a0f3d7"},"potentialAction":[{"@type":"SearchAction","target":{"@type":"EntryPoint","urlTemplate":"https:\/\/florence.voisin.cc\/?s={search_term_string}"},"query-input":"required name=search_term_string"}],"inLanguage":"fr-FR"},{"@type":"ImageObject","inLanguage":"fr-FR","@id":"https:\/\/florence.voisin.cc\/index.php\/contributions\/les-saisons\/#primaryimage","url":"https:\/\/florence.voisin.cc\/wp-content\/uploads\/2023\/09\/Pelechian.jpg","contentUrl":"https:\/\/florence.voisin.cc\/wp-content\/uploads\/2023\/09\/Pelechian.jpg","width":492,"height":373,"caption":"Deux hommes d\u00e9valant une pente, poursuivis ou tractant une masse incancescante, fumante. le champs en pente violet pastele et la masse rouge et orange"},{"@type":"WebPage","@id":"https:\/\/florence.voisin.cc\/index.php\/contributions\/les-saisons\/#webpage","url":"https:\/\/florence.voisin.cc\/index.php\/contributions\/les-saisons\/","name":"Les Saisons - Y","isPartOf":{"@id":"https:\/\/florence.voisin.cc\/#website"},"primaryImageOfPage":{"@id":"https:\/\/florence.voisin.cc\/index.php\/contributions\/les-saisons\/#primaryimage"},"datePublished":"2023-09-25T22:15:07+00:00","dateModified":"2025-09-29T21:14:03+00:00","breadcrumb":{"@id":"https:\/\/florence.voisin.cc\/index.php\/contributions\/les-saisons\/#breadcrumb"},"inLanguage":"fr-FR","potentialAction":[{"@type":"ReadAction","target":["https:\/\/florence.voisin.cc\/index.php\/contributions\/les-saisons\/"]}]},{"@type":"BreadcrumbList","@id":"https:\/\/florence.voisin.cc\/index.php\/contributions\/les-saisons\/#breadcrumb","itemListElement":[{"@type":"ListItem","position":1,"name":"Accueil","item":"https:\/\/florence.voisin.cc\/"},{"@type":"ListItem","position":2,"name":"[contributions]","item":"https:\/\/florence.voisin.cc\/index.php\/contributions\/"},{"@type":"ListItem","position":3,"name":"Les Saisons"}]}]}},"coauthors":[],"author_meta":{"author_link":"https:\/\/florence.voisin.cc\/index.php\/author\/florence\/","display_name":"florence"},"relative_dates":{"created":"Publi\u00e9 3 ans il y a","modified":"Mis \u00e0 jour 6 mois il y a"},"absolute_dates":{"created":"Publi\u00e9 le 26 septembre 2023","modified":"Mise \u00e0 jour le 29 septembre 2025"},"absolute_dates_time":{"created":"Publi\u00e9 le 26 septembre 2023 0 h 15 min","modified":"Mise \u00e0 jour le 29 septembre 2025 23 h 14 min"},"featured_img_caption":"","featured_img":false,"uagb_featured_image_src":{"full":false,"thumbnail":false,"medium":false,"medium_large":false,"large":false,"1536x1536":false,"2048x2048":false},"uagb_author_info":{"display_name":"florence","author_link":"https:\/\/florence.voisin.cc\/index.php\/author\/florence\/"},"uagb_comment_info":0,"uagb_excerpt":"Les Saisons &#8211; Audiodescription Chantier collectif de d\u00e9frichage visuel du film Les Saisons de Artavazd Pelechian, dans le but de le rendre sensible aux oreilles et imaginaires de personnes aveugles ou malvoyantes. L\u2019audiodescription consiste \u00e0 d\u00e9crire les \u00e9l\u00e9ments cin\u00e9matographiques visuels par une piste audio permettant aux personnes visuellement d\u00e9ficientes d\u2019acc\u00e9der \u00e0 des composantes importantes du\u2026","_links":{"self":[{"href":"https:\/\/florence.voisin.cc\/index.php\/wp-json\/wp\/v2\/pages\/2438"}],"collection":[{"href":"https:\/\/florence.voisin.cc\/index.php\/wp-json\/wp\/v2\/pages"}],"about":[{"href":"https:\/\/florence.voisin.cc\/index.php\/wp-json\/wp\/v2\/types\/page"}],"author":[{"embeddable":true,"href":"https:\/\/florence.voisin.cc\/index.php\/wp-json\/wp\/v2\/users\/1"}],"replies":[{"embeddable":true,"href":"https:\/\/florence.voisin.cc\/index.php\/wp-json\/wp\/v2\/comments?post=2438"}],"version-history":[{"count":47,"href":"https:\/\/florence.voisin.cc\/index.php\/wp-json\/wp\/v2\/pages\/2438\/revisions"}],"predecessor-version":[{"id":3113,"href":"https:\/\/florence.voisin.cc\/index.php\/wp-json\/wp\/v2\/pages\/2438\/revisions\/3113"}],"up":[{"embeddable":true,"href":"https:\/\/florence.voisin.cc\/index.php\/wp-json\/wp\/v2\/pages\/1918"}],"wp:attachment":[{"href":"https:\/\/florence.voisin.cc\/index.php\/wp-json\/wp\/v2\/media?parent=2438"}],"curies":[{"name":"wp","href":"https:\/\/api.w.org\/{rel}","templated":true}]}}